culate the highest common divisor of 9285479 and 3717.
413
Calculate the highest common factor of 67026135 and 6171.
363
Calculate the highest common factor of 158 and 10543656.
158
Calculate the highest common factor of 3984 and 1572864.
48
What is the highest common factor of 169473616 and 19760?
3952
What is the greatest common divisor of 3096691 and 20891?
13
What is the greatest common divisor of 164 and 59011874?
82
What is the highest common divisor of 1253 and 229628?
7
What is the greatest common factor of 18788845 and 944?
59
What is the highest common divisor of 120883660 and 430?
10
Calculate the highest common divisor of 369101 and 1245.
83
Calculate the greatest common divisor of 21020 and 709460.
20
Calculate the greatest common factor of 3375 and 89748.
27
Calculate the highest common factor of 109904468 and 133720.
13372
Calculate the highest common factor of 3192 and 10619385.
399
What is the greatest common divisor of 8636 and 37516562?
254
Calculate the highest common factor of 480 and 176005320.
120
What is the highest common divisor of 266136 and 12012?
156
Calculate the greatest common divisor of 2976 and 17792760.
744
What is the greatest common factor of 12735 and 204255?
45
What is the greatest common divisor of 2528415 and 285?
15
Calculate the greatest common divisor of 43616744 and 8.
8
Calculate the greatest common factor of 524 and 28955716.
524
What is the highest common divisor of 14148 and 33804?
108
Calculate the highest common divisor of 59 and 69050591.
59
Calculate the highest common divisor of 81263114 and 38.
38
What is the highest common factor of 3428149 and 1339?
103
Calculate the greatest common divisor of 6136851 and 3507.
21
Calculate the highest common factor of 2005820 and 20.
20
What is the highest common divisor of 275472 and 7848?
72
What is the highest common factor of 330314 and 7652380?
634
Calculate the highest common factor of 447949 and 326395.
2251
Calculate the highest common divisor of 1898151 and 30.
3
What is the greatest common divisor of 2135571 and 84231?
573
Calculate the greatest common factor of 2992 and 13069232.
176
Calculate the highest common divisor of 27790920 and 5.
5
Calculate the highest common divisor of 1369367 and 24089.
1853
Calculate the highest common divisor of 22924 and 40952684.
2084
What is the greatest common factor of 275645 and 387440?
145
Calculate the highest common factor of 7692706 and 98.
98
What is the greatest common factor of 264528 and 64584?
72
Calculate the greatest common divisor of 88 and 3286200.
8
What is the greatest common factor of 1593 and 1968075?
9
Calculate the highest common factor of 339537726 and 9.
9
What is the greatest common factor of 173 and 437589833?
173
Calculate the highest common factor of 2095838 and 122.
122
What is the highest common divisor of 9218370 and 672?
42
Calculate the greatest common factor of 33567912 and 9450.
378
What is the highest common divisor of 34741 and 90258?
49
What is the greatest common divisor of 106 and 749138358?
106
What is the greatest common divisor of 99 and 60849?
9
What is the highest common divisor of 751 and 313337477?
751
Calculate the highest common divisor of 694 and 5464903.
347
What is the highest common divisor of 40206540 and 1980?
660
What is the highest common divisor of 19127450 and 100?
50
Calculate the greatest common divisor of 30840910 and 46115.
2005
Calculate the highest common divisor of 6058178 and 70.
14
Calculate the greatest common factor of 210 and 99656970.
210
What is the greatest common factor of 22633 and 736443?
1741
Calculate the highest common factor of 768 and 13256640.
192
What is the highest common divisor of 12027405 and 13?
13
Calculate the greatest common divisor of 581688173 and 22.
11
What is the greatest common factor of 608248 and 7?
1
Calculate the greatest common factor of 3672 and 10120491.
459
What is the greatest common divisor of 38 and 2374124822?
38
What is the greatest common factor of 85 and 2022895?
5
Calculate the highest common factor of 53 and 3988409.
53
Calculate the highest common factor of 14152150 and 5700.
950
What is the highest common factor of 546987 and 6909?
147
What is the greatest common factor of 618200 and 4?
4
What is the greatest common divisor of 20108 and 4038052?
1828
Calculate the highest common factor of 121 and 106979851.
121
What is the highest common divisor of 355 and 34365?
5
What is the highest common divisor of 96 and 16477836?
12
What is the highest common factor of 5 and 310362390?
5
Calculate the greatest common factor of 204935 and 178415.
85
Calculate the highest common factor of 23890 and 13490.
10
What is the highest common factor of 1080335 and 8227?
433
What is the greatest common factor of 6147 and 19699769?
683
Calculate the greatest common divisor of 150 and 7558000.
50
Calculate the highest common divisor of 167169 and 101352.
309
What is the greatest common divisor of 33480629 and 39?
13
Calculate the greatest common factor of 107291 and 37913.
31
Calculate the highest common divisor of 99 and 94762184.
11
Calculate the highest common factor of 62 and 790230362.
62
Calculate the highest common factor of 11 and 1308682232.
11
Calculate the greatest common factor of 48993911 and 179.
179
Calculate the highest common factor of 8399295 and 651.
93
What is the highest common divisor of 711 and 8114406?
237
Calculate the greatest common divisor of 14 and 2042761406.
14
Calculate the greatest common factor of 5704094 and 18.
2
What is the greatest common divisor of 90773 and 4343?
43
Calculate the highest common factor of 2239461 and 89301.
867
What is the highest common factor of 6783 and 19892943?
399
Calculate the highest common divisor of 82522 and 496.
62
What is the highest common divisor of 513 and 7694145?
171
Calculate the greatest common divisor of 2710 and 4037450.
10
Calculate the greatest common factor of 2704 and 14164904.
1352
Calculate the highest common divisor of 779 and 182438.
19
Calculate the highest common factor of 1340 and 4830164.
268
What is the highest common divisor of 2698732 and 64?
4
Calculate the greatest common factor of 6088 and 6625266.
1522
Calculate the highest common divisor of 28410 and 1470.
30
Calculate the greatest common divisor of 1643 and 183685757.
1643
Calculate the highest common divisor of 84 and 19217961.
21
Calculate the greatest common factor of 176870 and 421130.
230
Calculate the highest common divisor of 12480896 and 15174.
562
What is the greatest common factor of 41766924 and 6282?
2094
What is the greatest common divisor of 5873800 and 21600?
200
Calculate the highest common divisor of 14202 and 621702.
54
What is the highest common divisor of 224 and 267919246?
14
Calculate the greatest common divisor of 251 and 138194325.
251
What is the highest common factor of 173581 and 715277?
23
Calculate the greatest common factor of 7697393 and 22847.
341
Calculate the highest common factor of 4098 and 114569835.
2049
Calculate the greatest common divisor of 61476046 and 374.
34
What is the greatest common factor of 60469 and 21607?
17
What is the highest common divisor of 3293 and 8544?
89
What is the highest common factor of 7148 and 164965118?
3574
Calculate the highest common factor of 35879906 and 118.
118
What is the greatest common factor of 5216731 and 37?
1
What is the greatest common divisor of 5531904 and 4224?
384
Calculate the highest common factor of 7 and 8068627.
7
What is the highest common divisor of 664 and 30614799?
83
What is the highest common divisor of 235240215 and 21?
21
What is the greatest common divisor of 13485 and 15780147?
2697
What is the highest common factor of 7911 and 93796332?
879
Calculate the greatest common divisor of 30407 and 318617.
13
Calculate the greatest common divisor of 533 and 25136241.
13
What is the greatest common factor of 24977727 and 2914?
47
Calculate the greatest common divisor of 6468588 and 23940.
4788
What is the highest common factor of 2961 and 377685?
63
What is the highest common factor of 704572 and 28?
4
What is the highest common divisor of 750 and 1261375?
125
Calculate the greatest common divisor of 34658294 and 6402.
2134
Calculate the highest common divisor of 67471614 a